{"id":5014,"date":"2017-03-26T14:10:20","date_gmt":"2017-03-26T17:10:20","guid":{"rendered":"https:\/\/www.squadroni.com.br\/sobre-nos\/"},"modified":"2019-07-02T13:17:06","modified_gmt":"2019-07-02T16:17:06","slug":"sobre-nosotros","status":"publish","type":"page","link":"https:\/\/agenciaplat.com.br\/squadroni\/es\/sobre-nosotros\/","title":{"rendered":"Sobre nosotros"},"content":{"rendered":"<p>[vc_row type=&#8221;vc_default&#8221; css=&#8221;.vc_custom_1476008791393{padding-top: 70px !important;padding-bottom: 25px !important;}&#8221;][vc_column offset=&#8221;vc_col-lg-6 vc_col-md-6 vc_col-xs-12&#8243; css=&#8221;.vc_custom_1476005293248{padding-bottom: 50px !important;}&#8221;]<div id=\"ultimate-heading-177869f4b641aaf65\" class=\"uvc-heading ult-adjust-bottom-margin ultimate-heading-177869f4b641aaf65 uvc-1205 \" data-hspacer=\"no_spacer\"  data-halign=\"left\" style=\"text-align:left\"><div class=\"uvc-heading-spacer no_spacer\" style=\"top\"><\/div><div class=\"uvc-main-heading ult-responsive\"  data-ultimate-target='.uvc-heading.ultimate-heading-177869f4b641aaf65 h2'  data-responsive-json-new='{\"font-size\":\"desktop:26px;\",\"line-height\":\"desktop:32px;\"}' ><h2 style=\"font-weight:bold;margin-bottom:20px;\">NUESTRA HISTORIA<\/h2><\/div><\/div>[vc_column_text]<\/p>\n<p style=\"text-align: justify;\">La historia de la Squadroni comienza en la d\u00e9cada de los 50, cuando dos hermanos desembarcaron en tierras brasile\u00f1as.<\/p>\n<p style=\"text-align: justify;\">Desde entonces, la trayectoria de \u00e9xito es una l\u00ednea recta hacia la cima.<\/p>\n<p style=\"text-align: justify;\">Con el trabajo arduo y mucha competencia, los hermanos Squadroni cambiaron el rumbo de una empresa que fabricaba piezas para la industria mec\u00e1nica, para transformarla en el mayor fabricante de ruedas para muebles y sillas de Am\u00e9rica del Sur.<\/p>\n<p>[\/vc_column_text][\/vc_column][vc_column offset=&#8221;vc_col-lg-6 vc_col-md-6 vc_col-xs-12&#8243; css=&#8221;.vc_custom_1476005300152{padding-bottom: 50px !important;}&#8221;][vc_empty_space]<div class=\"wf-container dt-gallery-container dt-photos-shortcode loading-effect-none iso-grid description-under-image content-align-centre\" data-padding=\"5px\" data-cur-page=\"1\" data-width=\"100px\" data-columns=\"3\"><div class=\"wf-cell\" data-post-id=\"2746\" data-date=\"2018-09-17T18:51:00-03:00\" data-name=\"Vista a\u00e9rea da f\u00e1brica\">\n<article class=\"post post-2746 attachment type-attachment status-inherit hentry no-img\">\n\n\t<div class=\"project-list-media\">\n\t<figure class=\"buttons-on-img links-hovers-disabled\">\n\t\t<a href=\"https:\/\/agenciaplat.com.br\/squadroni\/wp-content\/uploads\/2016\/01\/vista-aerea.jpg\" class=\"alignnone rollover rollover-zoom dt-pswp-item layzr-bg\" title=\"Vista a\u00e9rea da f\u00e1brica\" data-dt-img-description=\"\"  data-large_image_width=\"640\" data-large_image_height = \"338\" ><img loading=\"lazy\" decoding=\"async\" class=\"iso-lazy-load preload-me\" src=\"data:image\/svg+xml,%3Csvg%20xmlns%3D&#39;http%3A%2F%2Fwww.w3.org%2F2000%2Fsvg&#39;%20viewBox%3D&#39;0%200%20150%20150&#39;%2F%3E\" data-src=\"https:\/\/agenciaplat.com.br\/squadroni\/wp-content\/uploads\/2016\/01\/vista-aerea-150x150.jpg\" data-srcset=\"https:\/\/agenciaplat.com.br\/squadroni\/wp-content\/uploads\/2016\/01\/vista-aerea-150x150.jpg 150w, https:\/\/agenciaplat.com.br\/squadroni\/wp-content\/uploads\/2016\/01\/vista-aerea-300x300.jpg 300w\" alt=\"\" width=\"150\" height=\"150\"  \/><\/a>\t\t\t<\/figure>\n<\/div>\n<div class=\"project-list-content\">\n\t<h3 class=\"entry-title\"><a class=\"dt-trigger-first-pswp\" href=\"https:\/\/agenciaplat.com.br\/squadroni\/dt_gallery\/our-gallery\/vista-aerea\/\" title=\"Vista a\u00e9rea da f\u00e1brica\" rel=\"bookmark\">Vista a\u00e9rea da f\u00e1brica<\/a><\/h3><\/div>\n<\/article>\n\n<\/div><div class=\"wf-cell\" data-post-id=\"3044\" data-date=\"2019-01-28T13:13:46-02:00\" data-name=\"Linha de Produ\u00e7\u00e3o\">\n<article class=\"post post-3044 attachment type-attachment status-inherit hentry no-img\">\n\n\t<div class=\"project-list-media\">\n\t<figure class=\"buttons-on-img links-hovers-disabled\">\n\t\t<a href=\"https:\/\/agenciaplat.com.br\/squadroni\/wp-content\/uploads\/2019\/01\/Untitled-1.jpg\" class=\"alignnone rollover rollover-zoom dt-pswp-item layzr-bg\" title=\"Linha de Produ\u00e7\u00e3o\" data-dt-img-description=\"\"  data-large_image_width=\"640\" data-large_image_height = \"426\" ><img loading=\"lazy\" decoding=\"async\" class=\"iso-lazy-load preload-me\" src=\"data:image\/svg+xml,%3Csvg%20xmlns%3D&#39;http%3A%2F%2Fwww.w3.org%2F2000%2Fsvg&#39;%20viewBox%3D&#39;0%200%20150%20150&#39;%2F%3E\" data-src=\"https:\/\/agenciaplat.com.br\/squadroni\/wp-content\/uploads\/2019\/01\/Untitled-1-150x150.jpg\" data-srcset=\"https:\/\/agenciaplat.com.br\/squadroni\/wp-content\/uploads\/2019\/01\/Untitled-1-150x150.jpg 150w, https:\/\/agenciaplat.com.br\/squadroni\/wp-content\/uploads\/2019\/01\/Untitled-1-300x300.jpg 300w\" alt=\"\" width=\"150\" height=\"150\"  \/><\/a>\t\t\t<\/figure>\n<\/div>\n<div class=\"project-list-content\">\n\t<h3 class=\"entry-title\"><a class=\"dt-trigger-first-pswp\" href=\"https:\/\/agenciaplat.com.br\/squadroni\/sobre-nos\/untitled-1\/\" title=\"Linha de Produ\u00e7\u00e3o\" rel=\"bookmark\">Linha de Produ\u00e7\u00e3o<\/a><\/h3><\/div>\n<\/article>\n\n<\/div><div class=\"wf-cell\" data-post-id=\"1787\" data-date=\"2018-04-22T22:50:21-03:00\" data-name=\"Laborat\u00f3rio de testes\">\n<article class=\"post post-1787 attachment type-attachment status-inherit hentry no-img\">\n\n\t<div class=\"project-list-media\">\n\t<figure class=\"buttons-on-img links-hovers-disabled\">\n\t\t<a href=\"https:\/\/agenciaplat.com.br\/squadroni\/wp-content\/uploads\/2016\/01\/service5.jpg\" class=\"alignnone rollover rollover-zoom dt-pswp-item layzr-bg\" title=\"Laborat\u00f3rio de testes\" data-dt-img-description=\"Laborat\u00f3rio de testes\"  data-large_image_width=\"640\" data-large_image_height = \"379\" ><img loading=\"lazy\" decoding=\"async\" class=\"iso-lazy-load preload-me\" src=\"data:image\/svg+xml,%3Csvg%20xmlns%3D&#39;http%3A%2F%2Fwww.w3.org%2F2000%2Fsvg&#39;%20viewBox%3D&#39;0%200%20150%20150&#39;%2F%3E\" data-src=\"https:\/\/agenciaplat.com.br\/squadroni\/wp-content\/uploads\/2016\/01\/service5-150x150.jpg\" data-srcset=\"https:\/\/agenciaplat.com.br\/squadroni\/wp-content\/uploads\/2016\/01\/service5-150x150.jpg 150w, https:\/\/agenciaplat.com.br\/squadroni\/wp-content\/uploads\/2016\/01\/service5-300x300.jpg 300w\" alt=\"Laborat\u00f3rio de testes\" width=\"150\" height=\"150\"  \/><\/a>\t\t\t<\/figure>\n<\/div>\n<div class=\"project-list-content\">\n\t<h3 class=\"entry-title\"><a class=\"dt-trigger-first-pswp\" href=\"https:\/\/agenciaplat.com.br\/squadroni\/dt_gallery\/our-gallery\/service5\/\" title=\"Laborat\u00f3rio de testes\" rel=\"bookmark\">Laborat\u00f3rio de testes<\/a><\/h3><\/div>\n<\/article>\n\n<\/div><\/div>[\/vc_column][\/vc_row][vc_row full_width=&#8221;stretch_row&#8221; equal_height=&#8221;yes&#8221; content_placement=&#8221;middle&#8221; bg_type=&#8221;bg_color&#8221; type=&#8221;vc_default&#8221; css=&#8221;.vc_custom_1498804043002{padding-top: 70px !important;padding-bottom: 20px !important;}&#8221; bg_color_value=&#8221;#f5f5f5&#8243;][vc_column css=&#8221;.vc_custom_1498755622313{padding-bottom: 50px !important;}&#8221; offset=&#8221;vc_col-lg-8 vc_col-md-7&#8243;]<div id=\"ultimate-heading-638669f4b641ac9b8\" class=\"uvc-heading ult-adjust-bottom-margin ultimate-heading-638669f4b641ac9b8 uvc-1915 \" data-hspacer=\"no_spacer\"  data-halign=\"left\" style=\"text-align:left\"><div class=\"uvc-heading-spacer no_spacer\" style=\"top\"><\/div><div class=\"uvc-main-heading ult-responsive\"  data-ultimate-target='.uvc-heading.ultimate-heading-638669f4b641ac9b8 h2'  data-responsive-json-new='{\"font-size\":\"desktop:40px;\",\"line-height\":\"desktop:46px;\"}' ><h2 style=\"font-weight:bold;margin-bottom:30px;\">Filosof\u00eda Squadroni<\/h2><\/div><div class=\"uvc-sub-heading ult-responsive\"  data-ultimate-target='.uvc-heading.ultimate-heading-638669f4b641ac9b8 .uvc-sub-heading '  data-responsive-json-new='{\"font-size\":\"desktop:20px;mobile_landscape:15px;\",\"line-height\":\"desktop:32px;mobile_landscape:22px;\"}'  style=\"font-style:italic;font-weight:normal;margin-bottom:30px;\"><\/p>\n<h2 class=\"lead text-center wow fadeInUp animated\" data-wow-animation-name=\"fadeInUp\"><span style=\"color: #710908;\">Garantizar la calidad<\/span><\/h2>\n<p>Esta es la filosof\u00eda que orienta los pasos de la Squadroni.<\/p>\n<p><span lang=\"es\" tabindex=\"0\">Para ello, la empresa cuenta con una estructura adecuada a la producci\u00f3n y un equipo motivado para respaldar clientes y distribuidores que buscan los mejores productos.<\/span><\/p>\n<p><span lang=\"es\" tabindex=\"0\">Hoy, los rodillos Squadroni son sin\u00f3nimos de resistencia y durabilidad, gracias a esta filosof\u00eda de ofrecer siempre lo mejor para el exigente mercado de muebles.<\/span><\/div><\/div>[\/vc_column][vc_column width=&#8221;1\/2&#8243; offset=&#8221;vc_col-lg-offset-0 vc_col-lg-4 vc_col-md-offset-0 vc_col-md-5 vc_col-sm-offset-3 vc_col-xs-offset-2 vc_col-xs-8&#8243; css=&#8221;.vc_custom_1498755704655{padding-bottom: 50px !important;}&#8221;]<div class=\"shortcode-single-image-wrap alignnone \" style=\"margin-top:0px; margin-bottom:0px; margin-left:0px; margin-right:0px; width:600px;\"><div class=\"shortcode-single-image\"><div class=\"fancy-media-wrap layzr-bg\" style=\"border-radius:1000px;\"><img loading=\"lazy\" decoding=\"async\" class=\"lazy-load preload-me\" src=\"data:image\/svg+xml,%3Csvg%20xmlns%3D&#39;http%3A%2F%2Fwww.w3.org%2F2000%2Fsvg&#39;%20viewBox%3D&#39;0%200%20600%20600&#39;%2F%3E\" data-src=\"https:\/\/agenciaplat.com.br\/squadroni\/wp-content\/uploads\/2018\/09\/brazilian-casters-2-600x600.jpg\" data-srcset=\"https:\/\/agenciaplat.com.br\/squadroni\/wp-content\/uploads\/2018\/09\/brazilian-casters-2-600x600.jpg 600w, https:\/\/agenciaplat.com.br\/squadroni\/wp-content\/uploads\/2018\/09\/brazilian-casters-2-826x826.jpg 826w\" width=\"600\" height=\"600\"  data-dt-location=\"https:\/\/agenciaplat.com.br\/squadroni\/sobre-nos\/brazilian-casters-2\/\" style=\"border-radius:1000px;\" alt=\"\" \/><\/div><\/div><\/div>[\/vc_column][\/vc_row][vc_row type=&#8221;vc_default&#8221; css=&#8221;.vc_custom_1476012908960{padding-top: 70px !important;padding-bottom: 25px !important;}&#8221;][vc_column offset=&#8221;vc_col-lg-12 vc_col-md-12 vc_col-xs-12&#8243; css=&#8221;.vc_custom_1524448952318{padding-bottom: 25px !important;}&#8221;]<div id=\"ultimate-heading-726569f4b641acd65\" class=\"uvc-heading ult-adjust-bottom-margin ultimate-heading-726569f4b641acd65 uvc-3936 \" data-hspacer=\"line_only\"  data-halign=\"center\" style=\"text-align:center\"><div class=\"uvc-main-heading ult-responsive\"  data-ultimate-target='.uvc-heading.ultimate-heading-726569f4b641acd65 h3'  data-responsive-json-new='{\"font-size\":\"desktop:50px;\",\"line-height\":\"desktop:32px;\"}' ><h3 style=\"font-weight:bold;margin-bottom:25px;\"> NUESTRA ESTRUCTURA<\/h3><\/div><div class=\"uvc-heading-spacer line_only\" style=\"topheight:3px;\"><span class=\"uvc-headings-line\" style=\"border-style:solid;border-bottom-width:3px;border-color:#710908;width:100px;\"><\/span><\/div><div class=\"uvc-sub-heading ult-responsive\"  data-ultimate-target='.uvc-heading.ultimate-heading-726569f4b641acd65 .uvc-sub-heading '  data-responsive-json-new='{\"font-size\":\"desktop:16px;\",\"line-height\":\"\"}'  style=\"font-weight:normal;margin-top:30px;\">Equipos automatizados &#8211; muchos desarrollados exclusivamente para la Squadroni &#8211; permiten flujo intenso de la l\u00ednea de producci\u00f3n, adem\u00e1s de probar individualmente cada pieza.<\/p>\n<p><span lang=\"es\" tabindex=\"0\">Todos los rodillos utilizados en sillas giratorias que la Squadroni produce cumplen con las normas internacionales de seguridad.<\/span><\/p>\n<p><span lang=\"es\" tabindex=\"0\">Nuestros productos son certificados y laudados incluso por el Instituto Catas, en Italia, uno de los m\u00e1s conceptuados del mundo.<\/span><\/div><\/div>[\/vc_column][\/vc_row][vc_row css=&#8221;.vc_custom_1524450562600{margin-bottom: 50px !important;}&#8221;][vc_column width=&#8221;1\/4&#8243;][vc_single_image image=&#8221;1797&#8243; img_size=&#8221;full&#8221;]<div id=\"ultimate-heading-361869f4b641acd81\" class=\"uvc-heading ult-adjust-bottom-margin ultimate-heading-361869f4b641acd81 uvc-5346 \" data-hspacer=\"line_only\"  data-halign=\"center\" style=\"text-align:center\"><div class=\"uvc-main-heading ult-responsive\"  data-ultimate-target='.uvc-heading.ultimate-heading-361869f4b641acd81 h2'  data-responsive-json-new='{\"font-size\":\"\",\"line-height\":\"\"}' ><h2 style=\"font-weight:normal;\"> INGENIER\u00cdA<\/h2><\/div><div class=\"uvc-heading-spacer line_only\" style=\"topheight:1px;\"><span class=\"uvc-headings-line\" style=\"border-style:solid;border-bottom-width:1px;border-color:#ccc;width:100px;\"><\/span><\/div><div class=\"uvc-sub-heading ult-responsive\"  data-ultimate-target='.uvc-heading.ultimate-heading-361869f4b641acd81 .uvc-sub-heading '  data-responsive-json-new='{\"font-size\":\"\",\"line-height\":\"\"}'  style=\"font-weight:normal;margin-top:20px;\"><\/p>\n<p style=\"text-align: justify;\">Squadroni posee un departamento de ingenier\u00eda compuesto por profesionales de larga experiencia.<br \/>\n<span lang=\"es\" tabindex=\"0\">Entre los atributos de este importante departamento, est\u00e1n el desarrollo de nuevos productos, investigaci\u00f3n de nuevos materiales y estudios de viabilidad t\u00e9cnica y productiva.<\/span><\/p>\n<p><\/div><\/div>[\/vc_column][vc_column width=&#8221;1\/4&#8243;][vc_single_image image=&#8221;3044&#8243; img_size=&#8221;full&#8221;]<div id=\"ultimate-heading-506869f4b641acd97\" class=\"uvc-heading ult-adjust-bottom-margin ultimate-heading-506869f4b641acd97 uvc-5398 \" data-hspacer=\"line_only\"  data-halign=\"center\" style=\"text-align:center\"><div class=\"uvc-main-heading ult-responsive\"  data-ultimate-target='.uvc-heading.ultimate-heading-506869f4b641acd97 h2'  data-responsive-json-new='{\"font-size\":\"\",\"line-height\":\"\"}' ><h2 style=\"font-weight:normal;\">PRODUCCI\u00d3N<\/h2><\/div><div class=\"uvc-heading-spacer line_only\" style=\"topheight:1px;\"><span class=\"uvc-headings-line\" style=\"border-style:solid;border-bottom-width:1px;border-color:#ccc;width:100px;\"><\/span><\/div><div class=\"uvc-sub-heading ult-responsive\"  data-ultimate-target='.uvc-heading.ultimate-heading-506869f4b641acd97 .uvc-sub-heading '  data-responsive-json-new='{\"font-size\":\"\",\"line-height\":\"\"}'  style=\"font-weight:normal;margin-top:20px;\"><\/p>\n<p style=\"text-align: justify;\">La planta de producci\u00f3n ocupa la mayor parte de las instalaciones de la empresa.<br \/>\n<span lang=\"es\" tabindex=\"0\">Dise\u00f1ada con a\u00f1os de antelaci\u00f3n, esta \u00e1rea ofrece plenas condiciones de rendimiento m\u00e1ximo para sus empleados. Los equipos y dispositivos est\u00e1n dispuestos de forma organizada, permitiendo \u00f3ptimo tiempo est\u00e1ndar en las operaciones de montaje, medici\u00f3n y control de calidad.<\/span><\/p>\n<p><\/div><\/div>[\/vc_column][vc_column width=&#8221;1\/4&#8243;][vc_single_image image=&#8221;1803&#8243; img_size=&#8221;full&#8221;]<div id=\"ultimate-heading-401469f4b641acdaa\" class=\"uvc-heading ult-adjust-bottom-margin ultimate-heading-401469f4b641acdaa uvc-3733 \" data-hspacer=\"line_only\"  data-halign=\"center\" style=\"text-align:center\"><div class=\"uvc-main-heading ult-responsive\"  data-ultimate-target='.uvc-heading.ultimate-heading-401469f4b641acdaa h2'  data-responsive-json-new='{\"font-size\":\"\",\"line-height\":\"\"}' ><h2 style=\"font-weight:normal;\"> PLANIFICACI\u00d3N<\/h2><\/div><div class=\"uvc-heading-spacer line_only\" style=\"topheight:1px;\"><span class=\"uvc-headings-line\" style=\"border-style:solid;border-bottom-width:1px;border-color:#ccc;width:100px;\"><\/span><\/div><div class=\"uvc-sub-heading ult-responsive\"  data-ultimate-target='.uvc-heading.ultimate-heading-401469f4b641acdaa .uvc-sub-heading '  data-responsive-json-new='{\"font-size\":\"\",\"line-height\":\"\"}'  style=\"font-weight:normal;margin-top:20px;\"><\/p>\n<p style=\"text-align: justify;\">Esta es una de las principales bazas de las Ruedas Squadroni. La planificaci\u00f3n es el principal responsable de la historia de \u00e9xito de esta empresa de 50 a\u00f1os.<br \/>\nDesde el lanzamiento de nuevos productos, hasta el establecimiento de nuevas plantas productivas y administrativas, el Departamento de Planificaci\u00f3n cumple su papel y prev\u00e9 posibilidades y viabiliza acciones.<br \/>\nA<span lang=\"es\" tabindex=\"0\">qu\u00ed trabajan profesionales competentes, que establecen estrategias de lanzamiento, opinan en el direccionamiento al p\u00fablico objetivo y hasta en la log\u00edstica.<\/span><\/p>\n<p><\/div><\/div>[\/vc_column][vc_column width=&#8221;1\/4&#8243;][vc_single_image image=&#8221;1804&#8243; img_size=&#8221;full&#8221;]<div id=\"ultimate-heading-108169f4b641acdbd\" class=\"uvc-heading ult-adjust-bottom-margin ultimate-heading-108169f4b641acdbd uvc-5744 \" data-hspacer=\"line_only\"  data-halign=\"center\" style=\"text-align:center\"><div class=\"uvc-main-heading ult-responsive\"  data-ultimate-target='.uvc-heading.ultimate-heading-108169f4b641acdbd h2'  data-responsive-json-new='{\"font-size\":\"\",\"line-height\":\"\"}' ><h2 style=\"font-weight:normal;\">DISTRIBUCI\u00d3N<\/h2><\/div><div class=\"uvc-heading-spacer line_only\" style=\"topheight:1px;\"><span class=\"uvc-headings-line\" style=\"border-style:solid;border-bottom-width:1px;border-color:#ccc;width:100px;\"><\/span><\/div><div class=\"uvc-sub-heading ult-responsive\"  data-ultimate-target='.uvc-heading.ultimate-heading-108169f4b641acdbd .uvc-sub-heading '  data-responsive-json-new='{\"font-size\":\"\",\"line-height\":\"\"}'  style=\"font-weight:normal;margin-top:20px;\"><\/p>\n<p style=\"text-align: justify;\"><span lang=\"es\" tabindex=\"0\">Equipos automatizados &#8211; muchos de ellos desarrollados exclusivamente para la Squadroni &#8211; permiten flujo intenso de la l\u00ednea de producci\u00f3n, adem\u00e1s de probar individualmente cada pieza.<\/span><br \/>\n<span lang=\"es\" tabindex=\"0\">Todos los rodillos utilizados en sillas giratorias que la Squadroni produce cumplen con las normas internacionales de seguridad. Nuestros productos son certificados y laudados incluso por el Instituto Catas, en Italia, uno de los m\u00e1s conceptuados del mundo.<\/span><\/p>\n<p><\/div><\/div>[\/vc_column][\/vc_row][vc_row disable_element=&#8221;yes&#8221; bg_type=&#8221;bg_color&#8221; bg_override=&#8221;ex-full&#8221; type=&#8221;vc_default&#8221; css=&#8221;.vc_custom_1524762349320{padding-top: 70px !important;padding-bottom: 70px !important;}&#8221; bg_color_value=&#8221;rgba(170,170,170,0.1)&#8221;][vc_column]<div id=\"ultimate-heading-688569f4b641acdd1\" class=\"uvc-heading ult-adjust-bottom-margin ultimate-heading-688569f4b641acdd1 uvc-4032 \" data-hspacer=\"no_spacer\"  data-halign=\"left\" style=\"text-align:left\"><div class=\"uvc-heading-spacer no_spacer\" style=\"top\"><\/div><div class=\"uvc-main-heading ult-responsive\"  data-ultimate-target='.uvc-heading.ultimate-heading-688569f4b641acdd1 h2'  data-responsive-json-new='{\"font-size\":\"desktop:26px;\",\"line-height\":\"desktop:32px;\"}' ><h2 style=\"font-weight:bold;margin-bottom:25px;\">NOSSOS CLIENTES<\/h2><\/div><\/div><style type=\"text\/css\" data-type=\"the7_shortcodes-inline-css\">.carousel-shortcode.carousel-shortcode-id-1 .owl-nav a {\n  width: 22px;\n  height: 80px;\n  border-width: 0px;\n  border-style: solid;\n  border-radius: 0px;\n}\n.arrows-hover-bg-on.carousel-shortcode.carousel-shortcode-id-1 .owl-nav a:hover {\n  background: #f4a215;\n}\n.carousel-shortcode.carousel-shortcode-id-1 .owl-nav a.owl-prev {\n  top: 50%;\n  transform: translateY(calc(-50% + 0px));\n  left: 0px;\n}\n@media all and (-ms-high-contrast: none) {\n  .carousel-shortcode.carousel-shortcode-id-1 .owl-nav a.owl-prev {\n    transform: translateY(-50%);\n    margin-top: 0px;\n  }\n}\n.carousel-shortcode.carousel-shortcode-id-1 .owl-nav a.owl-prev i {\n  padding: 0px 0px 0px 0px;\n}\n.carousel-shortcode.carousel-shortcode-id-1 .owl-nav a.owl-next {\n  top: 50%;\n  transform: translateY(calc(-50% + 0px));\n  right: 0px;\n}\n@media all and (-ms-high-contrast: none) {\n  .carousel-shortcode.carousel-shortcode-id-1 .owl-nav a.owl-next {\n    transform: translateY(-50%);\n    margin-top: 0px;\n  }\n}\n.carousel-shortcode.carousel-shortcode-id-1 .owl-nav a.owl-next i {\n  padding: 0px 0px 0px 0px;\n}\n.carousel-shortcode.carousel-shortcode-id-1 .owl-nav i {\n  font-size: 18px;\n}\n.carousel-shortcode.carousel-shortcode-id-1 .owl-nav a:not(:hover) i,\n.carousel-shortcode.carousel-shortcode-id-1 .owl-nav a:not(:hover) i:before {\n  color: #ffffff;\n  -webkit-text-fill-color: #ffffff;\n  background: none;\n}\n.carousel-shortcode.carousel-shortcode-id-1 .owl-nav a:hover i,\n.carousel-shortcode.carousel-shortcode-id-1 .owl-nav a:hover i:before {\n  color: #ffffff;\n  -webkit-text-fill-color: #ffffff;\n  background: none;\n}\n.carousel-shortcode.carousel-shortcode-id-1 .owl-dots {\n  top: calc(100% + 20px);\n  left: 50%;\n  transform: translateX(calc(-50% + 0px));\n}\n@media all and (-ms-high-contrast: none) {\n  .carousel-shortcode.carousel-shortcode-id-1 .owl-dots {\n    transform: translateX(-50%);\n    margin-left: 0px;\n  }\n}\n.carousel-shortcode.carousel-shortcode-id-1 .owl-dot {\n  width: 10px;\n  height: 10px;\n  margin: 0 8px;\n}\n.bullets-ubax.carousel-shortcode.carousel-shortcode-id-1 .owl-dot.active span {\n  border-color: ;\n}\n@media screen and (max-width: 778px) {\n  .carousel-shortcode.carousel-shortcode-id-1.hide-arrows .owl-nav a {\n    display: none;\n  }\n}\n@media screen and (max-width: 778px) {\n  .carousel-shortcode.carousel-shortcode-id-1.reposition-arrows .owl-nav .owl-prev {\n    top: 50%;\n    transform: translateY(calc(-50% + 0px));\n    left: 10px;\n  }\n  .carousel-shortcode.carousel-shortcode-id-1.reposition-arrows .owl-nav .owl-next {\n    top: 50%;\n    transform: translateY(calc(-50% + 0px));\n    right: 10px;\n  }\n}\n@media screen and (max-width: 778px) and all and (-ms-high-contrast: none) {\n  .carousel-shortcode.carousel-shortcode-id-1.reposition-arrows .owl-nav .owl-prev {\n    transform: translateY(-50%);\n    margin-top: 0px;\n  }\n}\n@media screen and (max-width: 778px) and all and (-ms-high-contrast: none) {\n  .carousel-shortcode.carousel-shortcode-id-1.reposition-arrows .owl-nav .owl-next {\n    transform: translateY(-50%);\n    margin-top: 0px;\n  }\n}\n<\/style><div class=\"owl-carousel carousel-shortcode carousel-shortcode-id-1 bullets-small-dot-stroke arrows-bg-on arrows-hover-bg-on  vc_custom_1498756520817 \" data-scroll-mode=\"1\" data-col-num=\"6\" data-laptop-col=\"4\" data-h-tablet-columns-num=\"3\" data-v-tablet-columns-num=\"2\" data-phone-columns-num=\"1\" data-auto-height=\"true\" data-col-gap=\"30\" data-speed=\"600\" data-autoplay=\"false\" data-autoplay_speed=\"6000\" data-arrows=\"true\" data-bullet=\"false\" data-next-icon=\"icon-ar-017-r\" data-prev-icon=\"icon-ar-017-l\">[vc_single_image image=&#8221;1671&#8243; img_size=&#8221;400&#215;300&#8243; alignment=&#8221;center&#8221; onclick=&#8221;custom_link&#8221; img_link_target=&#8221;_blank&#8221; image_hovers=&#8221;false&#8221; lazy_loading=&#8221;true&#8221; link=&#8221;http:\/\/themeforest.net\/item\/the7-responsive-multipurpose-wordpress-theme\/5556590&#8243;][vc_single_image image=&#8221;1672&#8243; img_size=&#8221;400&#215;300&#8243; alignment=&#8221;center&#8221; onclick=&#8221;custom_link&#8221; img_link_target=&#8221;_blank&#8221; image_hovers=&#8221;false&#8221; lazy_loading=&#8221;true&#8221; link=&#8221;http:\/\/themeforest.net\/item\/the7-responsive-multipurpose-wordpress-theme\/5556590&#8243;][vc_single_image image=&#8221;1673&#8243; img_size=&#8221;400&#215;300&#8243; alignment=&#8221;center&#8221; onclick=&#8221;custom_link&#8221; img_link_target=&#8221;_blank&#8221; image_hovers=&#8221;false&#8221; lazy_loading=&#8221;true&#8221; link=&#8221;http:\/\/themeforest.net\/item\/the7-responsive-multipurpose-wordpress-theme\/5556590&#8243;][vc_single_image image=&#8221;1670&#8243; img_size=&#8221;400&#215;300&#8243; alignment=&#8221;center&#8221; onclick=&#8221;custom_link&#8221; img_link_target=&#8221;_blank&#8221; image_hovers=&#8221;false&#8221; lazy_loading=&#8221;true&#8221; link=&#8221;http:\/\/themeforest.net\/item\/the7-responsive-multipurpose-wordpress-theme\/5556590&#8243;][vc_single_image image=&#8221;1669&#8243; img_size=&#8221;400&#215;300&#8243; alignment=&#8221;center&#8221; onclick=&#8221;custom_link&#8221; img_link_target=&#8221;_blank&#8221; image_hovers=&#8221;false&#8221; lazy_loading=&#8221;true&#8221; link=&#8221;http:\/\/themeforest.net\/item\/the7-responsive-multipurpose-wordpress-theme\/5556590&#8243;][vc_single_image image=&#8221;1667&#8243; img_size=&#8221;400&#215;300&#8243; alignment=&#8221;center&#8221; onclick=&#8221;custom_link&#8221; img_link_target=&#8221;_blank&#8221; image_hovers=&#8221;false&#8221; lazy_loading=&#8221;true&#8221; link=&#8221;http:\/\/themeforest.net\/item\/the7-responsive-multipurpose-wordpress-theme\/5556590&#8243;][vc_single_image image=&#8221;1668&#8243; img_size=&#8221;400&#215;300&#8243; alignment=&#8221;center&#8221; onclick=&#8221;custom_link&#8221; img_link_target=&#8221;_blank&#8221; image_hovers=&#8221;false&#8221; lazy_loading=&#8221;true&#8221; link=&#8221;http:\/\/themeforest.net\/item\/the7-responsive-multipurpose-wordpress-theme\/5556590&#8243;]<\/div>[\/vc_column][\/vc_row]<\/p>\n","protected":false},"excerpt":{"rendered":"<p>[vc_row type=&#8221;vc_default&#8221; css=&#8221;.vc_custom_1476008791393{padding-top: 70px !important;padding-bottom: 25px !important;}&#8221;][vc_column offset=&#8221;vc_col-lg-6 vc_col-md-6 vc_col-xs-12&#8243; css=&#8221;.vc_custom_1476005293248{padding-bottom: 50px !important;}&#8221;][vc_column_text] La historia de la Squadroni comienza en la d\u00e9cada de los 50, cuando dos hermanos desembarcaron en tierras brasile\u00f1as. Desde entonces, la trayectoria de \u00e9xito es una l\u00ednea recta hacia la cima. Con el trabajo arduo y mucha competencia, los hermanos Squadroni&hellip;<\/p>\n","protected":false},"author":6,"featured_media":0,"parent":0,"menu_order":0,"comment_status":"closed","ping_status":"closed","template":"","meta":{"_joinchat":[]},"class_list":["post-5014","page","type-page","status-publish","hentry","description-off"],"_links":{"self":[{"href":"https:\/\/agenciaplat.com.br\/squadroni\/wp-json\/wp\/v2\/pages\/5014","targetHints":{"allow":["GET"]}}],"collection":[{"href":"https:\/\/agenciaplat.com.br\/squadroni\/wp-json\/wp\/v2\/pages"}],"about":[{"href":"https:\/\/agenciaplat.com.br\/squadroni\/wp-json\/wp\/v2\/types\/page"}],"author":[{"embeddable":true,"href":"https:\/\/agenciaplat.com.br\/squadroni\/wp-json\/wp\/v2\/users\/6"}],"replies":[{"embeddable":true,"href":"https:\/\/agenciaplat.com.br\/squadroni\/wp-json\/wp\/v2\/comments?post=5014"}],"version-history":[{"count":3,"href":"https:\/\/agenciaplat.com.br\/squadroni\/wp-json\/wp\/v2\/pages\/5014\/revisions"}],"predecessor-version":[{"id":5117,"href":"https:\/\/agenciaplat.com.br\/squadroni\/wp-json\/wp\/v2\/pages\/5014\/revisions\/5117"}],"wp:attachment":[{"href":"https:\/\/agenciaplat.com.br\/squadroni\/wp-json\/wp\/v2\/media?parent=5014"}],"curies":[{"name":"wp","href":"https:\/\/api.w.org\/{rel}","templated":true}]}}