{"id":1821,"date":"2018-04-23T00:14:29","date_gmt":"2018-04-23T03:14:29","guid":{"rendered":"http:\/\/squadroni.provisorio.ws\/?page_id=1821"},"modified":"2019-02-25T12:02:53","modified_gmt":"2019-02-25T15:02:53","slug":"laboratorio","status":"publish","type":"page","link":"https:\/\/agenciaplat.com.br\/squadroni\/laboratorio\/","title":{"rendered":"Laborat\u00f3rio"},"content":{"rendered":"<p>[vc_row][vc_column]<div id=\"ultimate-heading-544469f499cc4b60b\" class=\"uvc-heading ult-adjust-bottom-margin ultimate-heading-544469f499cc4b60b uvc-9149 \" data-hspacer=\"line_only\"  data-halign=\"left\" style=\"text-align:left\"><div class=\"uvc-main-heading ult-responsive\"  data-ultimate-target='.uvc-heading.ultimate-heading-544469f499cc4b60b h2'  data-responsive-json-new='{\"font-size\":\"\",\"line-height\":\"\"}' ><h2 style=\"font-weight:normal;margin-bottom:20px;\">LABORAT\u00d3RIO DE TESTES<\/h2><\/div><div class=\"uvc-heading-spacer line_only\" style=\"topheight:1px;\"><span class=\"uvc-headings-line\" style=\"border-style:solid;border-bottom-width:1px;border-color:#0c0c0c;width:autopx;\"><\/span><\/div><div class=\"uvc-sub-heading ult-responsive\"  data-ultimate-target='.uvc-heading.ultimate-heading-544469f499cc4b60b .uvc-sub-heading '  data-responsive-json-new='{\"font-size\":\"\",\"line-height\":\"\"}'  style=\"font-weight:normal;margin-top:20px;\">A Squadroni conta com um laborat\u00f3rio de testes pr\u00f3prio, visando garantir a total qualidade e confiabilidade de seus produtos.<\/p>\n<p>Com equipamentos espec\u00edficos, a Squadroni realiza ensaios de tra\u00e7\u00e3o, durabilidade e resist\u00eancia em toda sua linha de produtos, fornecendo assim para todos seus clientes, produtos com a mais alta tecnologia e sofistica\u00e7\u00e3o.<\/p>\n<p>Ao adquirir um produto Squadroni, nossos clientes tem a garantia de obter produtos com alto desempenho e durabilidade, excedendo suas necessidades em acess\u00f3rios para mobili\u00e1rio.<\/div><\/div>[\/vc_column][\/vc_row][vc_row][vc_column][vc_media_grid element_width=&#8221;3&#8243; item=&#8221;mediaGrid_SlideInTitle&#8221; grid_id=&#8221;vc_gid:1551106937740-2b6fa84f-bd8b-6&#8243; include=&#8221;1828,1829,1830,1831,1832,1833,1834,1835&#8243;][\/vc_column][\/vc_row]<\/p>\n","protected":false},"excerpt":{"rendered":"<p>[vc_row][vc_column][\/vc_column][\/vc_row][vc_row][vc_column][vc_media_grid element_width=&#8221;3&#8243; item=&#8221;mediaGrid_SlideInTitle&#8221; grid_id=&#8221;vc_gid:1551106937740-2b6fa84f-bd8b-6&#8243; include=&#8221;1828,1829,1830,1831,1832,1833,1834,1835&#8243;][\/vc_column][\/vc_row]<\/p>\n","protected":false},"author":6,"featured_media":0,"parent":0,"menu_order":0,"comment_status":"closed","ping_status":"closed","template":"","meta":{"_joinchat":[]},"class_list":["post-1821","page","type-page","status-publish","hentry","description-off"],"_links":{"self":[{"href":"https:\/\/agenciaplat.com.br\/squadroni\/wp-json\/wp\/v2\/pages\/1821","targetHints":{"allow":["GET"]}}],"collection":[{"href":"https:\/\/agenciaplat.com.br\/squadroni\/wp-json\/wp\/v2\/pages"}],"about":[{"href":"https:\/\/agenciaplat.com.br\/squadroni\/wp-json\/wp\/v2\/types\/page"}],"author":[{"embeddable":true,"href":"https:\/\/agenciaplat.com.br\/squadroni\/wp-json\/wp\/v2\/users\/6"}],"replies":[{"embeddable":true,"href":"https:\/\/agenciaplat.com.br\/squadroni\/wp-json\/wp\/v2\/comments?post=1821"}],"version-history":[{"count":15,"href":"https:\/\/agenciaplat.com.br\/squadroni\/wp-json\/wp\/v2\/pages\/1821\/revisions"}],"predecessor-version":[{"id":3065,"href":"https:\/\/agenciaplat.com.br\/squadroni\/wp-json\/wp\/v2\/pages\/1821\/revisions\/3065"}],"wp:attachment":[{"href":"https:\/\/agenciaplat.com.br\/squadroni\/wp-json\/wp\/v2\/media?parent=1821"}],"curies":[{"name":"wp","href":"https:\/\/api.w.org\/{rel}","templated":true}]}}