{"id":1113,"date":"2017-03-26T14:10:20","date_gmt":"2017-03-26T13:10:20","guid":{"rendered":"https:\/\/the7.io\/beauty-studio\/?page_id=1113"},"modified":"2025-08-07T18:37:26","modified_gmt":"2025-08-07T21:37:26","slug":"sobre-nos","status":"publish","type":"page","link":"https:\/\/agenciaplat.com.br\/squadroni\/sobre-nos\/","title":{"rendered":"Sobre n\u00f3s"},"content":{"rendered":"<p>[vc_row type=&#8221;vc_default&#8221; css=&#8221;.vc_custom_1476008791393{padding-top: 70px !important;padding-bottom: 25px !important;}&#8221;][vc_column offset=&#8221;vc_col-lg-6 vc_col-md-6 vc_col-xs-12&#8243; css=&#8221;.vc_custom_1476005293248{padding-bottom: 50px !important;}&#8221;]<div id=\"ultimate-heading-865469f9b35c9d0ab\" class=\"uvc-heading ult-adjust-bottom-margin ultimate-heading-865469f9b35c9d0ab uvc-3060 \" data-hspacer=\"no_spacer\"  data-halign=\"left\" style=\"text-align:left\"><div class=\"uvc-heading-spacer no_spacer\" style=\"top\"><\/div><div class=\"uvc-main-heading ult-responsive\"  data-ultimate-target='.uvc-heading.ultimate-heading-865469f9b35c9d0ab h2'  data-responsive-json-new='{\"font-size\":\"desktop:26px;\",\"line-height\":\"desktop:32px;\"}' ><h2 style=\"font-weight:bold;margin-bottom:20px;\">NOSSA HIST\u00d3RIA<\/h2><\/div><\/div>[vc_column_text]<\/p>\n<p style=\"text-align: justify;\">A hist\u00f3ria da Squadroni come\u00e7a na d\u00e9cada de 50, quando dois irm\u00e3os desembarcaram em terras brasileiras.<\/p>\n<p style=\"text-align: justify;\">Desde ent\u00e3o, a trajet\u00f3ria de sucesso \u00e9 uma linha reta em dire\u00e7\u00e3o ao topo.<\/p>\n<p style=\"text-align: justify;\">Com trabalho \u00e1rduo e muita compet\u00eancia, os irm\u00e3os Squadroni mudaram o rumo de uma empresa que fabricava pe\u00e7as para a ind\u00fastria mec\u00e2nica, para transform\u00e1-la no maior fabricante de rod\u00edzios para m\u00f3veis e cadeiras da Am\u00e9rica do Sul.<\/p>\n<p>[\/vc_column_text][\/vc_column][vc_column offset=&#8221;vc_col-lg-6 vc_col-md-6 vc_col-xs-12&#8243; css=&#8221;.vc_custom_1476005300152{padding-bottom: 50px !important;}&#8221;][vc_empty_space]<div class=\"wf-container dt-gallery-container dt-photos-shortcode loading-effect-none iso-grid description-under-image content-align-centre\" data-padding=\"5px\" data-cur-page=\"1\" data-width=\"100px\" data-columns=\"3\"><div class=\"wf-cell\" data-post-id=\"2746\" data-date=\"2018-09-17T18:51:00-03:00\" data-name=\"Vista a\u00e9rea da f\u00e1brica\">\n<article class=\"post post-2746 attachment type-attachment status-inherit hentry no-img\">\n\n\t<div class=\"project-list-media\">\n\t<figure class=\"buttons-on-img links-hovers-disabled\">\n\t\t<a href=\"https:\/\/agenciaplat.com.br\/squadroni\/wp-content\/uploads\/2016\/01\/vista-aerea.jpg\" class=\"alignnone rollover rollover-zoom dt-pswp-item layzr-bg\" title=\"Vista a\u00e9rea da f\u00e1brica\" data-dt-img-description=\"\"  data-large_image_width=\"640\" data-large_image_height = \"338\" ><img loading=\"lazy\" decoding=\"async\" class=\"iso-lazy-load preload-me\" src=\"data:image\/svg+xml,%3Csvg%20xmlns%3D&#39;http%3A%2F%2Fwww.w3.org%2F2000%2Fsvg&#39;%20viewBox%3D&#39;0%200%20150%20150&#39;%2F%3E\" data-src=\"https:\/\/agenciaplat.com.br\/squadroni\/wp-content\/uploads\/2016\/01\/vista-aerea-150x150.jpg\" data-srcset=\"https:\/\/agenciaplat.com.br\/squadroni\/wp-content\/uploads\/2016\/01\/vista-aerea-150x150.jpg 150w, https:\/\/agenciaplat.com.br\/squadroni\/wp-content\/uploads\/2016\/01\/vista-aerea-300x300.jpg 300w\" alt=\"\" width=\"150\" height=\"150\"  \/><\/a>\t\t\t<\/figure>\n<\/div>\n<div class=\"project-list-content\">\n\t<h3 class=\"entry-title\"><a class=\"dt-trigger-first-pswp\" href=\"https:\/\/agenciaplat.com.br\/squadroni\/dt_gallery\/our-gallery\/vista-aerea\/\" title=\"Vista a\u00e9rea da f\u00e1brica\" rel=\"bookmark\">Vista a\u00e9rea da f\u00e1brica<\/a><\/h3><\/div>\n<\/article>\n\n<\/div><div class=\"wf-cell\" data-post-id=\"3044\" data-date=\"2019-01-28T13:13:46-02:00\" data-name=\"Linha de Produ\u00e7\u00e3o\">\n<article class=\"post post-3044 attachment type-attachment status-inherit hentry no-img\">\n\n\t<div class=\"project-list-media\">\n\t<figure class=\"buttons-on-img links-hovers-disabled\">\n\t\t<a href=\"https:\/\/agenciaplat.com.br\/squadroni\/wp-content\/uploads\/2019\/01\/Untitled-1.jpg\" class=\"alignnone rollover rollover-zoom dt-pswp-item layzr-bg\" title=\"Linha de Produ\u00e7\u00e3o\" data-dt-img-description=\"\"  data-large_image_width=\"640\" data-large_image_height = \"426\" ><img loading=\"lazy\" decoding=\"async\" class=\"iso-lazy-load preload-me\" src=\"data:image\/svg+xml,%3Csvg%20xmlns%3D&#39;http%3A%2F%2Fwww.w3.org%2F2000%2Fsvg&#39;%20viewBox%3D&#39;0%200%20150%20150&#39;%2F%3E\" data-src=\"https:\/\/agenciaplat.com.br\/squadroni\/wp-content\/uploads\/2019\/01\/Untitled-1-150x150.jpg\" data-srcset=\"https:\/\/agenciaplat.com.br\/squadroni\/wp-content\/uploads\/2019\/01\/Untitled-1-150x150.jpg 150w, https:\/\/agenciaplat.com.br\/squadroni\/wp-content\/uploads\/2019\/01\/Untitled-1-300x300.jpg 300w\" alt=\"\" width=\"150\" height=\"150\"  \/><\/a>\t\t\t<\/figure>\n<\/div>\n<div class=\"project-list-content\">\n\t<h3 class=\"entry-title\"><a class=\"dt-trigger-first-pswp\" href=\"https:\/\/agenciaplat.com.br\/squadroni\/sobre-nos\/untitled-1\/\" title=\"Linha de Produ\u00e7\u00e3o\" rel=\"bookmark\">Linha de Produ\u00e7\u00e3o<\/a><\/h3><\/div>\n<\/article>\n\n<\/div><div class=\"wf-cell\" data-post-id=\"1787\" data-date=\"2018-04-22T22:50:21-03:00\" data-name=\"Laborat\u00f3rio de testes\">\n<article class=\"post post-1787 attachment type-attachment status-inherit hentry no-img\">\n\n\t<div class=\"project-list-media\">\n\t<figure class=\"buttons-on-img links-hovers-disabled\">\n\t\t<a href=\"https:\/\/agenciaplat.com.br\/squadroni\/wp-content\/uploads\/2016\/01\/service5.jpg\" class=\"alignnone rollover rollover-zoom dt-pswp-item layzr-bg\" title=\"Laborat\u00f3rio de testes\" data-dt-img-description=\"Laborat\u00f3rio de testes\"  data-large_image_width=\"640\" data-large_image_height = \"379\" ><img loading=\"lazy\" decoding=\"async\" class=\"iso-lazy-load preload-me\" src=\"data:image\/svg+xml,%3Csvg%20xmlns%3D&#39;http%3A%2F%2Fwww.w3.org%2F2000%2Fsvg&#39;%20viewBox%3D&#39;0%200%20150%20150&#39;%2F%3E\" data-src=\"https:\/\/agenciaplat.com.br\/squadroni\/wp-content\/uploads\/2016\/01\/service5-150x150.jpg\" data-srcset=\"https:\/\/agenciaplat.com.br\/squadroni\/wp-content\/uploads\/2016\/01\/service5-150x150.jpg 150w, https:\/\/agenciaplat.com.br\/squadroni\/wp-content\/uploads\/2016\/01\/service5-300x300.jpg 300w\" alt=\"Laborat\u00f3rio de testes\" width=\"150\" height=\"150\"  \/><\/a>\t\t\t<\/figure>\n<\/div>\n<div class=\"project-list-content\">\n\t<h3 class=\"entry-title\"><a class=\"dt-trigger-first-pswp\" href=\"https:\/\/agenciaplat.com.br\/squadroni\/dt_gallery\/our-gallery\/service5\/\" title=\"Laborat\u00f3rio de testes\" rel=\"bookmark\">Laborat\u00f3rio de testes<\/a><\/h3><\/div>\n<\/article>\n\n<\/div><\/div>[\/vc_column][\/vc_row][vc_row full_width=&#8221;stretch_row&#8221; equal_height=&#8221;yes&#8221; content_placement=&#8221;middle&#8221; bg_type=&#8221;bg_color&#8221; type=&#8221;vc_default&#8221; css=&#8221;.vc_custom_1498804043002{padding-top: 70px !important;padding-bottom: 20px !important;}&#8221; bg_color_value=&#8221;#f5f5f5&#8243;][vc_column css=&#8221;.vc_custom_1498755622313{padding-bottom: 50px !important;}&#8221; offset=&#8221;vc_col-lg-8 vc_col-md-7&#8243;]<div id=\"ultimate-heading-732769f9b35c9ee82\" class=\"uvc-heading ult-adjust-bottom-margin ultimate-heading-732769f9b35c9ee82 uvc-8069 \" data-hspacer=\"no_spacer\"  data-halign=\"left\" style=\"text-align:left\"><div class=\"uvc-heading-spacer no_spacer\" style=\"top\"><\/div><div class=\"uvc-main-heading ult-responsive\"  data-ultimate-target='.uvc-heading.ultimate-heading-732769f9b35c9ee82 h2'  data-responsive-json-new='{\"font-size\":\"desktop:40px;\",\"line-height\":\"desktop:46px;\"}' ><h2 style=\"font-weight:bold;margin-bottom:30px;\">Filosofia Squadroni<\/h2><\/div><div class=\"uvc-sub-heading ult-responsive\"  data-ultimate-target='.uvc-heading.ultimate-heading-732769f9b35c9ee82 .uvc-sub-heading '  data-responsive-json-new='{\"font-size\":\"desktop:20px;mobile_landscape:15px;\",\"line-height\":\"desktop:32px;mobile_landscape:22px;\"}'  style=\"font-style:italic;font-weight:normal;margin-bottom:30px;\"><\/p>\n<h2 class=\"lead text-center wow fadeInUp animated\" data-wow-animation-name=\"fadeInUp\"><span style=\"color: #710908;\">Garantir a qualidade<\/span><\/h2>\n<p>Essa \u00e9 a filosofia que norteia os passos da Squadroni.<br \/>\nPara isso, a empresa conta com uma estrutura adequada \u00e0 produ\u00e7\u00e3o e uma equipe motivada para respaldar clientes e distribuidores que procuram os melhores produtos.<br \/>\nHoje, os rod\u00edzios Squadroni s\u00e3o sin\u00f4nimos de resist\u00eancia e durabilidade, gra\u00e7as a esta filosofia de oferecer sempre o melhor para o exigente mercado de m\u00f3veis.<\/div><\/div>[\/vc_column][vc_column width=&#8221;1\/2&#8243; offset=&#8221;vc_col-lg-offset-0 vc_col-lg-4 vc_col-md-offset-0 vc_col-md-5 vc_col-sm-offset-3 vc_col-xs-offset-2 vc_col-xs-8&#8243; css=&#8221;.vc_custom_1498755704655{padding-bottom: 50px !important;}&#8221;]<div class=\"shortcode-single-image-wrap alignnone \" style=\"margin-top:0px; margin-bottom:0px; margin-left:0px; margin-right:0px; width:600px;\"><div class=\"shortcode-single-image\"><div class=\"fancy-media-wrap layzr-bg\" style=\"border-radius:1000px;\"><img loading=\"lazy\" decoding=\"async\" class=\"lazy-load preload-me\" src=\"data:image\/svg+xml,%3Csvg%20xmlns%3D&#39;http%3A%2F%2Fwww.w3.org%2F2000%2Fsvg&#39;%20viewBox%3D&#39;0%200%20600%20600&#39;%2F%3E\" data-src=\"https:\/\/agenciaplat.com.br\/squadroni\/wp-content\/uploads\/2018\/09\/brazilian-casters-2-600x600.jpg\" data-srcset=\"https:\/\/agenciaplat.com.br\/squadroni\/wp-content\/uploads\/2018\/09\/brazilian-casters-2-600x600.jpg 600w, https:\/\/agenciaplat.com.br\/squadroni\/wp-content\/uploads\/2018\/09\/brazilian-casters-2-826x826.jpg 826w\" width=\"600\" height=\"600\"  data-dt-location=\"https:\/\/agenciaplat.com.br\/squadroni\/sobre-nos\/brazilian-casters-2\/\" style=\"border-radius:1000px;\" alt=\"\" \/><\/div><\/div><\/div>[\/vc_column][\/vc_row][vc_row type=&#8221;vc_default&#8221; css=&#8221;.vc_custom_1476012908960{padding-top: 70px !important;padding-bottom: 25px !important;}&#8221;][vc_column offset=&#8221;vc_col-lg-12 vc_col-md-12 vc_col-xs-12&#8243; css=&#8221;.vc_custom_1524448952318{padding-bottom: 25px !important;}&#8221;]<div id=\"ultimate-heading-772569f9b35c9f97f\" class=\"uvc-heading ult-adjust-bottom-margin ultimate-heading-772569f9b35c9f97f uvc-2871 \" data-hspacer=\"line_only\"  data-halign=\"center\" style=\"text-align:center\"><div class=\"uvc-main-heading ult-responsive\"  data-ultimate-target='.uvc-heading.ultimate-heading-772569f9b35c9f97f h3'  data-responsive-json-new='{\"font-size\":\"desktop:50px;\",\"line-height\":\"desktop:32px;\"}' ><h3 style=\"font-weight:bold;margin-bottom:25px;\">NOSSA ESTRUTURA<\/h3><\/div><div class=\"uvc-heading-spacer line_only\" style=\"topheight:3px;\"><span class=\"uvc-headings-line\" style=\"border-style:solid;border-bottom-width:3px;border-color:#710908;width:100px;\"><\/span><\/div><div class=\"uvc-sub-heading ult-responsive\"  data-ultimate-target='.uvc-heading.ultimate-heading-772569f9b35c9f97f .uvc-sub-heading '  data-responsive-json-new='{\"font-size\":\"desktop:16px;\",\"line-height\":\"\"}'  style=\"font-weight:normal;margin-top:30px;\">Equipamentos automatizados &#8211; muitos desenvolvidos exclusivamente para a Squadroni &#8211; permitem fluxo intenso da linha de produ\u00e7\u00e3o, al\u00e9m de testarem individualmente cada pe\u00e7a.<br \/>\nTodos os rod\u00edzios utilizados em cadeiras girat\u00f3rias que a Squadroni produz est\u00e3o em conformidade com as normas internacionais de seguran\u00e7a.<br \/>\nNossos produtos s\u00e3o certificados e laudados inclusive pelo Instituto Catas, na It\u00e1lia, um dos mais conceituados do mundo.<\/div><\/div>[\/vc_column][\/vc_row][vc_row css=&#8221;.vc_custom_1524450562600{margin-bottom: 50px !important;}&#8221;][vc_column width=&#8221;1\/4&#8243;][vc_single_image image=&#8221;1797&#8243; img_size=&#8221;full&#8221;]<div id=\"ultimate-heading-361869f9b35c9f9a8\" class=\"uvc-heading ult-adjust-bottom-margin ultimate-heading-361869f9b35c9f9a8 uvc-470 \" data-hspacer=\"line_only\"  data-halign=\"center\" style=\"text-align:center\"><div class=\"uvc-main-heading ult-responsive\"  data-ultimate-target='.uvc-heading.ultimate-heading-361869f9b35c9f9a8 h2'  data-responsive-json-new='{\"font-size\":\"\",\"line-height\":\"\"}' ><h2 style=\"font-weight:normal;\">ENGENHARIA<\/h2><\/div><div class=\"uvc-heading-spacer line_only\" style=\"topheight:1px;\"><span class=\"uvc-headings-line\" style=\"border-style:solid;border-bottom-width:1px;border-color:#ccc;width:100px;\"><\/span><\/div><div class=\"uvc-sub-heading ult-responsive\"  data-ultimate-target='.uvc-heading.ultimate-heading-361869f9b35c9f9a8 .uvc-sub-heading '  data-responsive-json-new='{\"font-size\":\"\",\"line-height\":\"\"}'  style=\"font-weight:normal;margin-top:20px;\"><\/p>\n<p style=\"text-align: justify;\">A Squadroni possui um departamento de engenharia composto por profissionais de larga experi\u00eancia.<br \/>\nEntre os atributos deste importante departamento, est\u00e3o o desenvolvimento de novos produtos, pesquisa de novos materiais e estudos de viabilidade t\u00e9cnica e produtiva.<\/p>\n<p><\/div><\/div>[\/vc_column][vc_column width=&#8221;1\/4&#8243;][vc_single_image image=&#8221;3044&#8243; img_size=&#8221;full&#8221;]<div id=\"ultimate-heading-728469f9b35c9f9c7\" class=\"uvc-heading ult-adjust-bottom-margin ultimate-heading-728469f9b35c9f9c7 uvc-2228 \" data-hspacer=\"line_only\"  data-halign=\"center\" style=\"text-align:center\"><div class=\"uvc-main-heading ult-responsive\"  data-ultimate-target='.uvc-heading.ultimate-heading-728469f9b35c9f9c7 h2'  data-responsive-json-new='{\"font-size\":\"\",\"line-height\":\"\"}' ><h2 style=\"font-weight:normal;\">PRODU\u00c7\u00c3O<\/h2><\/div><div class=\"uvc-heading-spacer line_only\" style=\"topheight:1px;\"><span class=\"uvc-headings-line\" style=\"border-style:solid;border-bottom-width:1px;border-color:#ccc;width:100px;\"><\/span><\/div><div class=\"uvc-sub-heading ult-responsive\"  data-ultimate-target='.uvc-heading.ultimate-heading-728469f9b35c9f9c7 .uvc-sub-heading '  data-responsive-json-new='{\"font-size\":\"\",\"line-height\":\"\"}'  style=\"font-weight:normal;margin-top:20px;\"><\/p>\n<p style=\"text-align: justify;\">A planta da produ\u00e7\u00e3o ocupa a maior parte das instala\u00e7\u00f5es da empresa.<br \/>\nProjetada com anos de anteced\u00eancia, esta \u00e1rea oferece plenas condi\u00e7\u00f5es de desempenho m\u00e1ximo para seus funcion\u00e1rios. Equipamentos e dispositivos est\u00e3o dispostos de forma organizada, permitindo \u00f3timo tempo-padr\u00e3o nas opera\u00e7\u00f5es de montagem, aferi\u00e7\u00e3o e controle de qualidade.<\/p>\n<p><\/div><\/div>[\/vc_column][vc_column width=&#8221;1\/4&#8243;][vc_single_image image=&#8221;1803&#8243; img_size=&#8221;full&#8221;]<div id=\"ultimate-heading-139569f9b35c9f9e4\" class=\"uvc-heading ult-adjust-bottom-margin ultimate-heading-139569f9b35c9f9e4 uvc-2331 \" data-hspacer=\"line_only\"  data-halign=\"center\" style=\"text-align:center\"><div class=\"uvc-main-heading ult-responsive\"  data-ultimate-target='.uvc-heading.ultimate-heading-139569f9b35c9f9e4 h2'  data-responsive-json-new='{\"font-size\":\"\",\"line-height\":\"\"}' ><h2 style=\"font-weight:normal;\">PLANEJAMENTO<\/h2><\/div><div class=\"uvc-heading-spacer line_only\" style=\"topheight:1px;\"><span class=\"uvc-headings-line\" style=\"border-style:solid;border-bottom-width:1px;border-color:#ccc;width:100px;\"><\/span><\/div><div class=\"uvc-sub-heading ult-responsive\"  data-ultimate-target='.uvc-heading.ultimate-heading-139569f9b35c9f9e4 .uvc-sub-heading '  data-responsive-json-new='{\"font-size\":\"\",\"line-height\":\"\"}'  style=\"font-weight:normal;margin-top:20px;\"><\/p>\n<p style=\"text-align: justify;\">Este \u00e9 um dos principais trunfos da Rod\u00edzios Squadroni. O planejamento \u00e9 o principal respons\u00e1vel pela hist\u00f3ria de sucesso desta empresa de 50 anos.<br \/>\nDesde o lan\u00e7amento de novos produtos, at\u00e9 o estabelecimento de novas plantas produtivas e administrativas, o Departamento de Planejamento cumpre seu papel e antev\u00ea possibilidades e viabiliza a\u00e7\u00f5es.<br \/>\nAqui trabalham profissionais competentes, que estabelecem estrat\u00e9gias de lan\u00e7amento, opinam no direcionamento ao p\u00fablico-alvo e at\u00e9 na log\u00edstica.<\/p>\n<p><\/div><\/div>[\/vc_column][vc_column width=&#8221;1\/4&#8243;][vc_single_image image=&#8221;1804&#8243; img_size=&#8221;full&#8221;]<div id=\"ultimate-heading-190669f9b35c9fa00\" class=\"uvc-heading ult-adjust-bottom-margin ultimate-heading-190669f9b35c9fa00 uvc-5533 \" data-hspacer=\"line_only\"  data-halign=\"center\" style=\"text-align:center\"><div class=\"uvc-main-heading ult-responsive\"  data-ultimate-target='.uvc-heading.ultimate-heading-190669f9b35c9fa00 h2'  data-responsive-json-new='{\"font-size\":\"\",\"line-height\":\"\"}' ><h2 style=\"font-weight:normal;\">DISTRIBUI\u00c7\u00c3O<\/h2><\/div><div class=\"uvc-heading-spacer line_only\" style=\"topheight:1px;\"><span class=\"uvc-headings-line\" style=\"border-style:solid;border-bottom-width:1px;border-color:#ccc;width:100px;\"><\/span><\/div><div class=\"uvc-sub-heading ult-responsive\"  data-ultimate-target='.uvc-heading.ultimate-heading-190669f9b35c9fa00 .uvc-sub-heading '  data-responsive-json-new='{\"font-size\":\"\",\"line-height\":\"\"}'  style=\"font-weight:normal;margin-top:20px;\"><\/p>\n<p style=\"text-align: justify;\">Equipamentos automatizados &#8211; muitos deles desenvolvidos exclusivamente para a Squadroni &#8211; permitem fluxo intenso da linha de produ\u00e7\u00e3o, al\u00e9m de testarem individualmente cada pe\u00e7a.<br \/>\nTodos os rod\u00edzios utilizados em cadeiras girat\u00f3rias que a Squadroni produz est\u00e3o em conformidade com as normas internacionais de seguran\u00e7a.<br \/>\nNossos produtos s\u00e3o certificados e laudados inclusive pelo Instituto Catas, na It\u00e1lia, um dos mais conceituados do mundo.<\/p>\n<p><\/div><\/div>[\/vc_column][\/vc_row][vc_row disable_element=&#8221;yes&#8221; bg_type=&#8221;bg_color&#8221; bg_override=&#8221;ex-full&#8221; type=&#8221;vc_default&#8221; css=&#8221;.vc_custom_1524762349320{padding-top: 70px !important;padding-bottom: 70px !important;}&#8221; bg_color_value=&#8221;rgba(170,170,170,0.1)&#8221;][vc_column]<div id=\"ultimate-heading-505069f9b35c9fa1c\" class=\"uvc-heading ult-adjust-bottom-margin ultimate-heading-505069f9b35c9fa1c uvc-8561 \" data-hspacer=\"no_spacer\"  data-halign=\"left\" style=\"text-align:left\"><div class=\"uvc-heading-spacer no_spacer\" style=\"top\"><\/div><div class=\"uvc-main-heading ult-responsive\"  data-ultimate-target='.uvc-heading.ultimate-heading-505069f9b35c9fa1c h2'  data-responsive-json-new='{\"font-size\":\"desktop:26px;\",\"line-height\":\"desktop:32px;\"}' ><h2 style=\"font-weight:bold;margin-bottom:25px;\">NOSSOS CLIENTES<\/h2><\/div><\/div><style type=\"text\/css\" data-type=\"the7_shortcodes-inline-css\">.carousel-shortcode.carousel-shortcode-id-1 .owl-nav a {\n  width: 22px;\n  height: 80px;\n  border-width: 0px;\n  border-style: solid;\n  border-radius: 0px;\n}\n.arrows-hover-bg-on.carousel-shortcode.carousel-shortcode-id-1 .owl-nav a:hover {\n  background: #f4a215;\n}\n.carousel-shortcode.carousel-shortcode-id-1 .owl-nav a.owl-prev {\n  top: 50%;\n  transform: translateY(calc(-50% + 0px));\n  left: 0px;\n}\n@media all and (-ms-high-contrast: none) {\n  .carousel-shortcode.carousel-shortcode-id-1 .owl-nav a.owl-prev {\n    transform: translateY(-50%);\n    margin-top: 0px;\n  }\n}\n.carousel-shortcode.carousel-shortcode-id-1 .owl-nav a.owl-prev i {\n  padding: 0px 0px 0px 0px;\n}\n.carousel-shortcode.carousel-shortcode-id-1 .owl-nav a.owl-next {\n  top: 50%;\n  transform: translateY(calc(-50% + 0px));\n  right: 0px;\n}\n@media all and (-ms-high-contrast: none) {\n  .carousel-shortcode.carousel-shortcode-id-1 .owl-nav a.owl-next {\n    transform: translateY(-50%);\n    margin-top: 0px;\n  }\n}\n.carousel-shortcode.carousel-shortcode-id-1 .owl-nav a.owl-next i {\n  padding: 0px 0px 0px 0px;\n}\n.carousel-shortcode.carousel-shortcode-id-1 .owl-nav i {\n  font-size: 18px;\n}\n.carousel-shortcode.carousel-shortcode-id-1 .owl-nav a:not(:hover) i,\n.carousel-shortcode.carousel-shortcode-id-1 .owl-nav a:not(:hover) i:before {\n  color: #ffffff;\n  -webkit-text-fill-color: #ffffff;\n  background: none;\n}\n.carousel-shortcode.carousel-shortcode-id-1 .owl-nav a:hover i,\n.carousel-shortcode.carousel-shortcode-id-1 .owl-nav a:hover i:before {\n  color: #ffffff;\n  -webkit-text-fill-color: #ffffff;\n  background: none;\n}\n.carousel-shortcode.carousel-shortcode-id-1 .owl-dots {\n  top: calc(100% + 20px);\n  left: 50%;\n  transform: translateX(calc(-50% + 0px));\n}\n@media all and (-ms-high-contrast: none) {\n  .carousel-shortcode.carousel-shortcode-id-1 .owl-dots {\n    transform: translateX(-50%);\n    margin-left: 0px;\n  }\n}\n.carousel-shortcode.carousel-shortcode-id-1 .owl-dot {\n  width: 10px;\n  height: 10px;\n  margin: 0 8px;\n}\n.bullets-ubax.carousel-shortcode.carousel-shortcode-id-1 .owl-dot.active span {\n  border-color: ;\n}\n@media screen and (max-width: 778px) {\n  .carousel-shortcode.carousel-shortcode-id-1.hide-arrows .owl-nav a {\n    display: none;\n  }\n}\n@media screen and (max-width: 778px) {\n  .carousel-shortcode.carousel-shortcode-id-1.reposition-arrows .owl-nav .owl-prev {\n    top: 50%;\n    transform: translateY(calc(-50% + 0px));\n    left: 10px;\n  }\n  .carousel-shortcode.carousel-shortcode-id-1.reposition-arrows .owl-nav .owl-next {\n    top: 50%;\n    transform: translateY(calc(-50% + 0px));\n    right: 10px;\n  }\n}\n@media screen and (max-width: 778px) and all and (-ms-high-contrast: none) {\n  .carousel-shortcode.carousel-shortcode-id-1.reposition-arrows .owl-nav .owl-prev {\n    transform: translateY(-50%);\n    margin-top: 0px;\n  }\n}\n@media screen and (max-width: 778px) and all and (-ms-high-contrast: none) {\n  .carousel-shortcode.carousel-shortcode-id-1.reposition-arrows .owl-nav .owl-next {\n    transform: translateY(-50%);\n    margin-top: 0px;\n  }\n}\n<\/style><div class=\"owl-carousel carousel-shortcode carousel-shortcode-id-1 bullets-small-dot-stroke arrows-bg-on arrows-hover-bg-on  vc_custom_1498756520817 \" data-scroll-mode=\"1\" data-col-num=\"6\" data-laptop-col=\"4\" data-h-tablet-columns-num=\"3\" data-v-tablet-columns-num=\"2\" data-phone-columns-num=\"1\" data-auto-height=\"true\" data-col-gap=\"30\" data-speed=\"600\" data-autoplay=\"false\" data-autoplay_speed=\"6000\" data-arrows=\"true\" data-bullet=\"false\" data-next-icon=\"icon-ar-017-r\" data-prev-icon=\"icon-ar-017-l\">[vc_single_image image=&#8221;1671&#8243; img_size=&#8221;400&#215;300&#8243; alignment=&#8221;center&#8221; onclick=&#8221;custom_link&#8221; img_link_target=&#8221;_blank&#8221; image_hovers=&#8221;false&#8221; lazy_loading=&#8221;true&#8221; link=&#8221;http:\/\/themeforest.net\/item\/the7-responsive-multipurpose-wordpress-theme\/5556590&#8243;][vc_single_image image=&#8221;1672&#8243; img_size=&#8221;400&#215;300&#8243; alignment=&#8221;center&#8221; onclick=&#8221;custom_link&#8221; img_link_target=&#8221;_blank&#8221; image_hovers=&#8221;false&#8221; lazy_loading=&#8221;true&#8221; link=&#8221;http:\/\/themeforest.net\/item\/the7-responsive-multipurpose-wordpress-theme\/5556590&#8243;][vc_single_image image=&#8221;1673&#8243; img_size=&#8221;400&#215;300&#8243; alignment=&#8221;center&#8221; onclick=&#8221;custom_link&#8221; img_link_target=&#8221;_blank&#8221; image_hovers=&#8221;false&#8221; lazy_loading=&#8221;true&#8221; link=&#8221;http:\/\/themeforest.net\/item\/the7-responsive-multipurpose-wordpress-theme\/5556590&#8243;][vc_single_image image=&#8221;1670&#8243; img_size=&#8221;400&#215;300&#8243; alignment=&#8221;center&#8221; onclick=&#8221;custom_link&#8221; img_link_target=&#8221;_blank&#8221; image_hovers=&#8221;false&#8221; lazy_loading=&#8221;true&#8221; link=&#8221;http:\/\/themeforest.net\/item\/the7-responsive-multipurpose-wordpress-theme\/5556590&#8243;][vc_single_image image=&#8221;1669&#8243; img_size=&#8221;400&#215;300&#8243; alignment=&#8221;center&#8221; onclick=&#8221;custom_link&#8221; img_link_target=&#8221;_blank&#8221; image_hovers=&#8221;false&#8221; lazy_loading=&#8221;true&#8221; link=&#8221;http:\/\/themeforest.net\/item\/the7-responsive-multipurpose-wordpress-theme\/5556590&#8243;][vc_single_image image=&#8221;1667&#8243; img_size=&#8221;400&#215;300&#8243; alignment=&#8221;center&#8221; onclick=&#8221;custom_link&#8221; img_link_target=&#8221;_blank&#8221; image_hovers=&#8221;false&#8221; lazy_loading=&#8221;true&#8221; link=&#8221;http:\/\/themeforest.net\/item\/the7-responsive-multipurpose-wordpress-theme\/5556590&#8243;][vc_single_image image=&#8221;1668&#8243; img_size=&#8221;400&#215;300&#8243; alignment=&#8221;center&#8221; onclick=&#8221;custom_link&#8221; img_link_target=&#8221;_blank&#8221; image_hovers=&#8221;false&#8221; lazy_loading=&#8221;true&#8221; link=&#8221;http:\/\/themeforest.net\/item\/the7-responsive-multipurpose-wordpress-theme\/5556590&#8243;]<\/div>[\/vc_column][\/vc_row]<\/p>\n","protected":false},"excerpt":{"rendered":"<p>[vc_row type=&#8221;vc_default&#8221; css=&#8221;.vc_custom_1476008791393{padding-top: 70px !important;padding-bottom: 25px !important;}&#8221;][vc_column offset=&#8221;vc_col-lg-6 vc_col-md-6 vc_col-xs-12&#8243; css=&#8221;.vc_custom_1476005293248{padding-bottom: 50px !important;}&#8221;][vc_column_text] A hist\u00f3ria da Squadroni come\u00e7a na d\u00e9cada de 50, quando dois irm\u00e3os desembarcaram em terras brasileiras. Desde ent\u00e3o, a trajet\u00f3ria de sucesso \u00e9 uma linha reta em dire\u00e7\u00e3o ao topo. Com trabalho \u00e1rduo e muita compet\u00eancia, os irm\u00e3os Squadroni mudaram o rumo&hellip;<\/p>\n","protected":false},"author":6,"featured_media":0,"parent":0,"menu_order":0,"comment_status":"closed","ping_status":"closed","template":"","meta":{"_joinchat":[]},"class_list":["post-1113","page","type-page","status-publish","hentry","description-off"],"_links":{"self":[{"href":"https:\/\/agenciaplat.com.br\/squadroni\/wp-json\/wp\/v2\/pages\/1113","targetHints":{"allow":["GET"]}}],"collection":[{"href":"https:\/\/agenciaplat.com.br\/squadroni\/wp-json\/wp\/v2\/pages"}],"about":[{"href":"https:\/\/agenciaplat.com.br\/squadroni\/wp-json\/wp\/v2\/types\/page"}],"author":[{"embeddable":true,"href":"https:\/\/agenciaplat.com.br\/squadroni\/wp-json\/wp\/v2\/users\/6"}],"replies":[{"embeddable":true,"href":"https:\/\/agenciaplat.com.br\/squadroni\/wp-json\/wp\/v2\/comments?post=1113"}],"version-history":[{"count":33,"href":"https:\/\/agenciaplat.com.br\/squadroni\/wp-json\/wp\/v2\/pages\/1113\/revisions"}],"predecessor-version":[{"id":3045,"href":"https:\/\/agenciaplat.com.br\/squadroni\/wp-json\/wp\/v2\/pages\/1113\/revisions\/3045"}],"wp:attachment":[{"href":"https:\/\/agenciaplat.com.br\/squadroni\/wp-json\/wp\/v2\/media?parent=1113"}],"curies":[{"name":"wp","href":"https:\/\/api.w.org\/{rel}","templated":true}]}}